[INFO] fetching crate yew_icons 0.7.2...
[INFO] checking yew_icons-0.7.2 against master#e6e4f7ed1589e03bc2f6c5931c1a72e7947e8682 for beta-170-4
[INFO] extracting crate yew_icons 0.7.2 into /workspace/builds/worker-3-tc2/source
[INFO] validating manifest of crates.io crate yew_icons 0.7.2 on toolchain e6e4f7ed1589e03bc2f6c5931c1a72e7947e8682
[INFO] running `Command { std: CARGO_HOME="/workspace/cargo-home" RUSTUP_HOME="/workspace/rustup-home" "/workspace/cargo-home/bin/cargo" "+e6e4f7ed1589e03bc2f6c5931c1a72e7947e8682" "metadata" "--manifest-path" "Cargo.toml" "--no-deps", kill_on_drop: false }`
[INFO] started tweaking crates.io crate yew_icons 0.7.2
[INFO] finished tweaking crates.io crate yew_icons 0.7.2
[INFO] tweaked toml for crates.io crate yew_icons 0.7.2 written to /workspace/builds/worker-3-tc2/source/Cargo.toml
[INFO] crate crates.io crate yew_icons 0.7.2 already has a lockfile, it will not be regenerated
[INFO] running `Command { std: CARGO_HOME="/workspace/cargo-home" RUSTUP_HOME="/workspace/rustup-home" "/workspace/cargo-home/bin/cargo" "+e6e4f7ed1589e03bc2f6c5931c1a72e7947e8682" "fetch" "--manifest-path" "Cargo.toml", kill_on_drop: false }`
[INFO] running `Command { std: "docker" "create" "-v" "/var/lib/crater-agent-workspace/builds/worker-3-tc2/target:/opt/rustwide/target:rw,Z" "-v" "/var/lib/crater-agent-workspace/builds/worker-3-tc2/source:/opt/rustwide/workdir:ro,Z" "-v" "/var/lib/crater-agent-workspace/cargo-home:/opt/rustwide/cargo-home:ro,Z" "-v" "/var/lib/crater-agent-workspace/rustup-home:/opt/rustwide/rustup-home:ro,Z" "-e" "SOURCE_DIR=/opt/rustwide/workdir" "-e" "CARGO_TARGET_DIR=/opt/rustwide/target" "-e" "CARGO_HOME=/opt/rustwide/cargo-home" "-e" "RUSTUP_HOME=/opt/rustwide/rustup-home" "-w" "/opt/rustwide/workdir" "-m" "1610612736" "--user" "0:0" "--network" "none" "ghcr.io/rust-lang/crates-build-env/linux@sha256:5ff2268d62e97bff2cde7d5815dd6ed5b47097566f13b8d0ca110b04b60e07ed" "/opt/rustwide/cargo-home/bin/cargo" "+e6e4f7ed1589e03bc2f6c5931c1a72e7947e8682" "metadata" "--no-deps" "--format-version=1", kill_on_drop: false }`
[INFO] [stdout] 98b178c268b80d973d3201e2a18d21765111eb65ea1320a43f8072feb909616f
[INFO] running `Command { std: "docker" "start" "-a" "98b178c268b80d973d3201e2a18d21765111eb65ea1320a43f8072feb909616f", kill_on_drop: false }`
[INFO] running `Command { std: "docker" "inspect" "98b178c268b80d973d3201e2a18d21765111eb65ea1320a43f8072feb909616f", kill_on_drop: false }`
[INFO] running `Command { std: "docker" "rm" "-f" "98b178c268b80d973d3201e2a18d21765111eb65ea1320a43f8072feb909616f", kill_on_drop: false }`
[INFO] [stdout] 98b178c268b80d973d3201e2a18d21765111eb65ea1320a43f8072feb909616f
[INFO] running `Command { std: "docker" "create" "-v" "/var/lib/crater-agent-workspace/builds/worker-3-tc2/target:/opt/rustwide/target:rw,Z" "-v" "/var/lib/crater-agent-workspace/builds/worker-3-tc2/source:/opt/rustwide/workdir:ro,Z" "-v" "/var/lib/crater-agent-workspace/cargo-home:/opt/rustwide/cargo-home:ro,Z" "-v" "/var/lib/crater-agent-workspace/rustup-home:/opt/rustwide/rustup-home:ro,Z" "-e" "SOURCE_DIR=/opt/rustwide/workdir" "-e" "CARGO_TARGET_DIR=/opt/rustwide/target" "-e" "CARGO_INCREMENTAL=0" "-e" "RUST_BACKTRACE=full" "-e" "RUSTFLAGS=--cap-lints=forbid" "-e" "RUSTDOCFLAGS=--cap-lints=forbid" "-e" "CARGO_HOME=/opt/rustwide/cargo-home" "-e" "RUSTUP_HOME=/opt/rustwide/rustup-home" "-w" "/opt/rustwide/workdir" "-m" "1610612736" "--user" "0:0" "--network" "none" "ghcr.io/rust-lang/crates-build-env/linux@sha256:5ff2268d62e97bff2cde7d5815dd6ed5b47097566f13b8d0ca110b04b60e07ed" "/opt/rustwide/cargo-home/bin/cargo" "+e6e4f7ed1589e03bc2f6c5931c1a72e7947e8682" "check" "--frozen" "--all" "--all-targets" "--message-format=json", kill_on_drop: false }`
[INFO] [stdout] dbdc022c49a3df11d7f70696a174ae4b7de7e229fcb20e3ebbe16cde5477c995
[INFO] running `Command { std: "docker" "start" "-a" "dbdc022c49a3df11d7f70696a174ae4b7de7e229fcb20e3ebbe16cde5477c995", kill_on_drop: false }`
[INFO] [stderr]    Compiling syn v1.0.103
[INFO] [stderr]    Compiling serde_derive v1.0.136
[INFO] [stderr]    Compiling log v0.4.16
[INFO] [stderr]    Compiling wasm-bindgen-shared v0.2.83
[INFO] [stderr]    Compiling serde v1.0.136
[INFO] [stderr]    Compiling once_cell v1.16.0
[INFO] [stderr]    Compiling bumpalo v3.9.1
[INFO] [stderr]    Compiling quote v1.0.17
[INFO] [stderr]    Compiling serde_json v1.0.79
[INFO] [stderr]     Checking ryu v1.0.9
[INFO] [stderr]     Checking itoa v1.0.1
[INFO] [stderr]    Compiling wasm-bindgen v0.2.83
[INFO] [stderr]    Compiling futures-core v0.3.25
[INFO] [stderr]    Compiling futures-channel v0.3.25
[INFO] [stderr]    Compiling thiserror v1.0.37
[INFO] [stderr]     Checking futures-sink v0.3.25
[INFO] [stderr]    Compiling memchr v2.4.1
[INFO] [stderr]    Compiling futures-task v0.3.25
[INFO] [stderr]    Compiling futures-util v0.3.25
[INFO] [stderr]    Compiling tokio v1.22.0
[INFO] [stderr]     Checking futures-io v0.3.25
[INFO] [stderr]     Checking percent-encoding v2.2.0
[INFO] [stderr]    Compiling rustversion v1.0.9
[INFO] [stderr]     Checking form_urlencoded v1.1.0
[INFO] [stderr]    Compiling indexmap v1.8.1
[INFO] [stderr]    Compiling prettyplease v0.1.21
[INFO] [stderr]    Compiling proc-macro-error-attr v1.0.4
[INFO] [stderr]     Checking anymap2 v0.13.0
[INFO] [stderr]     Checking tracing-core v0.1.30
[INFO] [stderr]     Checking num_cpus v1.14.0
[INFO] [stderr]    Compiling boolinator v2.4.0
[INFO] [stderr]     Checking implicit-clone v0.3.2
[INFO] [stderr]    Compiling wasm-bindgen-backend v0.2.83
[INFO] [stderr]    Compiling proc-macro-error v1.0.4
[INFO] [stderr]    Compiling thiserror-impl v1.0.37
[INFO] [stderr]    Compiling futures-macro v0.3.25
[INFO] [stderr]    Compiling pin-project-internal v1.0.12
[INFO] [stderr]    Compiling tokio-macros v1.7.0
[INFO] [stderr]    Compiling tracing-attributes v0.1.23
[INFO] [stderr]    Compiling yew-macro v0.20.0
[INFO] [stderr]    Compiling wasm-bindgen-macro-support v0.2.83
[INFO] [stderr]     Checking pin-project v1.0.12
[INFO] [stderr]     Checking tracing v0.1.37
[INFO] [stderr]    Compiling wasm-bindgen-macro v0.2.83
[INFO] [stderr]     Checking tokio-stream v0.1.11
[INFO] [stderr]     Checking futures v0.3.25
[INFO] [stderr]     Checking pinned v0.1.0
[INFO] [stderr]     Checking prokio v0.1.0
[INFO] [stderr]     Checking bincode v1.3.3
[INFO] [stderr]     Checking serde_urlencoded v0.7.1
[INFO] [stderr]     Checking js-sys v0.3.60
[INFO] [stderr]     Checking console_error_panic_hook v0.1.7
[INFO] [stderr]     Checking web-sys v0.3.60
[INFO] [stderr]     Checking wasm-bindgen-futures v0.4.30
[INFO] [stderr]     Checking serde-wasm-bindgen v0.3.1
[INFO] [stderr]     Checking gloo-timers v0.2.3
[INFO] [stderr]     Checking gloo-utils v0.1.5
[INFO] [stderr]     Checking gloo-events v0.1.1
[INFO] [stderr]     Checking gloo-console v0.2.1
[INFO] [stderr]     Checking gloo-dialogs v0.1.0
[INFO] [stderr]     Checking gloo-render v0.1.0
[INFO] [stderr]     Checking gloo-storage v0.2.0
[INFO] [stderr]     Checking gloo-net v0.2.4
[INFO] [stderr]     Checking gloo-worker v0.2.1
[INFO] [stderr]     Checking gloo-file v0.2.1
[INFO] [stderr]     Checking gloo-history v0.1.0
[INFO] [stderr]     Checking gloo v0.8.0
[INFO] [stderr]     Checking yew v0.20.0
[INFO] [stderr]     Checking yew_icons v0.7.2 (/opt/rustwide/workdir)
[INFO] [stdout] error[E0432]: unresolved import `enum_iterator`
[INFO] [stdout]   --> src/lib.rs:64:9
[INFO] [stdout]    |
[INFO] [stdout] 64 |     use enum_iterator::IntoEnumIterator;
[INFO] [stdout]    |         ^^^^^^^^^^^^^ use of undeclared crate or module `enum_iterator`
[INFO] [stdout] 
[INFO] [stdout] 
[INFO] [stdout] error[E0433]: failed to resolve: could not find `ServerRenderer` in `yew`
[INFO] [stdout]   --> src/lib.rs:72:33
[INFO] [stdout]    |
[INFO] [stdout] 72 |             let renderer = yew::ServerRenderer::<Icon>::with_props(move || IconProps {
[INFO] [stdout]    |                                 ^^^^^^^^^^^^^^ could not find `ServerRenderer` in `yew`
[INFO] [stdout] 
[INFO] [stdout] 
[INFO] [stdout] error[E0599]: no variant or associated item named `into_enum_iter` found for enum `IconId` in the current scope
[INFO] [stdout]   --> src/lib.rs:69:32
[INFO] [stdout]    |
[INFO] [stdout] 69 |         for icon_id in IconId::into_enum_iter() {
[INFO] [stdout]    |                                ^^^^^^^^^^^^^^ variant or associated item not found in `IconId`
[INFO] [stdout]    |
[INFO] [stdout]   ::: src/generated.rs:8:1
[INFO] [stdout]    |
[INFO] [stdout] 8  | pub enum IconId {
[INFO] [stdout]    | --------------- variant or associated item `into_enum_iter` not found for this enum
[INFO] [stdout] 
[INFO] [stdout] 
[INFO] [stdout] error: aborting due to 3 previous errors
[INFO] [stdout] 
[INFO] [stdout] 
[INFO] [stdout] Some errors have detailed explanations: E0432, E0433, E0599.
[INFO] [stdout] 
[INFO] [stdout] For more information about an error, try `rustc --explain E0432`.
[INFO] [stdout] 
[INFO] [stderr] error: could not compile `yew_icons` (lib test) due to 4 previous errors
[INFO] running `Command { std: "docker" "inspect" "dbdc022c49a3df11d7f70696a174ae4b7de7e229fcb20e3ebbe16cde5477c995", kill_on_drop: false }`
[INFO] running `Command { std: "docker" "rm" "-f" "dbdc022c49a3df11d7f70696a174ae4b7de7e229fcb20e3ebbe16cde5477c995", kill_on_drop: false }`
[INFO] [stdout] dbdc022c49a3df11d7f70696a174ae4b7de7e229fcb20e3ebbe16cde5477c995
